{"id":919,"date":"2025-09-05T11:48:07","date_gmt":"2025-09-05T09:48:07","guid":{"rendered":"https:\/\/navaleno-o.es\/?page_id=919"},"modified":"2025-09-05T13:43:25","modified_gmt":"2025-09-05T11:43:25","slug":"liga-o-pie-2025","status":"publish","type":"page","link":"https:\/\/navaleno-o.es\/index.php\/carreras-anteriores\/liga-o-pie-2025\/","title":{"rendered":"Liga O-Pie 2025"},"content":{"rendered":"\n<p>Esta p\u00e1gina conserva la informaci\u00f3n oficial de la Liga O-Pie 2025, organizada por el Club de Orientaci\u00f3n de Navaleno. Puedes consultar el \u00faltimo bolet\u00edn, el cartel, los resultados y las horas de salidas.<\/p>\n\n\n\n<hr class=\"wp-block-separator has-text-color has-alpha-channel-opacity has-background is-style-wide\" style=\"background-color:#4e7820;color:#4e7820\"\/>\n\n\n\n<h2 class=\"wp-block-heading alignfull has-text-align-center has-white-color has-text-color has-background has-link-color has-large-font-size wp-elements-990bb530800ac9e0b66e8b665c8d5ef1\" style=\"background-color:#4e7820\">Terreno (Vinuesa, 30 y 31 de agosto 2025)<\/h2>\n\n\n\n<figure class=\"wp-block-image size-large\"><a href=\"https:\/\/navaleno-o.es\/wp-content\/uploads\/2025\/07\/TROFEO_TIERRA_DE_PINARES.mp4\"><img loading=\"lazy\" decoding=\"async\" width=\"1024\" height=\"577\" src=\"https:\/\/navaleno-o.es\/wp-content\/uploads\/2025\/07\/thumbnail-video-trofeo-1024x577.jpg\" alt=\"Tr\u00e1iler de la carrera Liga O-Pie 2025. &quot;Liga Espa\u00f1ola de Orientaci\u00f3n. Trofeo Pinares de Soria organizada por el Club de Orientaci\u00f3n de Navaleno. Vinuesa, 30-31 de agosto 2025&quot;\" class=\"wp-image-15\" srcset=\"https:\/\/navaleno-o.es\/wp-content\/uploads\/2025\/07\/thumbnail-video-trofeo-1024x577.jpg 1024w, https:\/\/navaleno-o.es\/wp-content\/uploads\/2025\/07\/thumbnail-video-trofeo-300x169.jpg 300w, https:\/\/navaleno-o.es\/wp-content\/uploads\/2025\/07\/thumbnail-video-trofeo-768x433.jpg 768w, https:\/\/navaleno-o.es\/wp-content\/uploads\/2025\/07\/thumbnail-video-trofeo-1536x865.jpg 1536w, https:\/\/navaleno-o.es\/wp-content\/uploads\/2025\/07\/thumbnail-video-trofeo-2048x1153.jpg 2048w\" sizes=\"auto, (max-width: 1024px) 100vw, 1024px\" \/><\/a><\/figure>\n\n\n\n<p>Haz clic en la imagen de arriba para visualizar el tr\u00e1iler de la Liga Espa\u00f1ola de Orientaci\u00f3n 2025 que tendr\u00e1 lugar en Vinuesa.<\/p>\n\n\n\n<hr class=\"wp-block-separator has-text-color has-alpha-channel-opacity has-background is-style-wide\" style=\"background-color:#4e7820;color:#4e7820\"\/>\n\n\n\n<p><\/p>\n\n\n\n<h2 class=\"wp-block-heading alignfull has-text-align-center has-white-color has-text-color has-background has-link-color has-large-font-size wp-elements-f88b479fdee7aa1fcbd80ab57a927888\" style=\"background-color:#4e7820\">Resultados Entrenamientos<\/h2>\n\n\n\n<div class=\"wp-block-buttons has-custom-font-size has-medium-font-size is-content-justification-center is-layout-flex wp-container-core-buttons-is-layout-f3ee97a7 wp-block-buttons-is-layout-flex\">\n<div class=\"wp-block-button has-custom-width wp-block-button__width-25\"><a class=\"wp-block-button__link has-background wp-element-button\" href=\"https:\/\/navaleno-o.es\/wp-content\/uploads\/2025\/08\/E1-curva-Resultados.pdf\" style=\"background-color:#786220\">E1<\/a><\/div>\n\n\n\n<div class=\"wp-block-button has-custom-width wp-block-button__width-25\"><a class=\"wp-block-button__link has-background wp-element-button\" href=\"https:\/\/navaleno-o.es\/wp-content\/uploads\/2025\/08\/E2-Planificacion-Resultados.pdf\" style=\"background-color:#783b20\">E2<\/a><\/div>\n\n\n\n<div class=\"wp-block-button has-custom-width wp-block-button__width-25\"><a class=\"wp-block-button__link has-background wp-element-button\" href=\"https:\/\/navaleno-o.es\/wp-content\/uploads\/2025\/08\/E3-Brujula-Resultados.pdf\" style=\"background-color:#6d2078\">E3<\/a><\/div>\n\n\n\n<div class=\"wp-block-button has-custom-width wp-block-button__width-25\"><a class=\"wp-block-button__link has-background wp-element-button\" href=\"https:\/\/navaleno-o.es\/wp-content\/uploads\/2025\/08\/E4-Simplificacion-Resultados.pdf\" style=\"background-color:#118b96\">E4<\/a><\/div>\n\n\n\n<div class=\"wp-block-button has-custom-width wp-block-button__width-25\"><a class=\"wp-block-button__link has-background wp-element-button\" href=\"https:\/\/navaleno-o.es\/wp-content\/uploads\/2025\/08\/E5-Bajadas-Resultados.pdf\" style=\"background-color:#312078\">E5<\/a><\/div>\n<\/div>\n\n\n\n<hr class=\"wp-block-separator has-text-color has-alpha-channel-opacity has-background is-style-wide\" style=\"background-color:#4e7820;color:#4e7820\"\/>\n\n\n\n<p><\/p>\n\n\n\n<h2 class=\"wp-block-heading alignfull has-text-align-center has-white-color has-text-color has-background has-link-color has-large-font-size wp-elements-d5a882caefe1bbdc4381eb5b948cd193\" style=\"background-color:#4e7820\">Horas de salida<\/h2>\n\n\n\n<p class=\"has-text-align-center\"><strong>Las categor\u00edas Open en el SPRINT solo podr\u00e1n salir hasta las 18:15.<\/strong><\/p>\n\n\n\n<div class=\"wp-block-buttons is-horizontal is-content-justification-center is-layout-flex wp-container-core-buttons-is-layout-ef5ce59c wp-block-buttons-is-layout-flex\">\n<div class=\"wp-block-button has-custom-width wp-block-button__width-100 is-style-fill\"><a class=\"wp-block-button__link has-white-color has-text-color has-background has-link-color has-border-color has-white-border-color has-text-align-center has-custom-font-size wp-element-button\" href=\"https:\/\/navaleno-o.es\/wp-content\/uploads\/2025\/08\/2025TrofeoPinares_SalidaCLUBES.pdf\" style=\"border-width:2px;background-color:#786220;font-size:15px\">Clubes<\/a><\/div>\n\n\n\n<div class=\"wp-block-button has-custom-width wp-block-button__width-50\"><a class=\"wp-block-button__link has-white-color has-text-color has-background has-link-color has-border-color has-white-border-color has-custom-font-size wp-element-button\" href=\"https:\/\/navaleno-o.es\/wp-content\/uploads\/2025\/08\/2025TrofeoPinares_SalidaSPRINT.pdf\" style=\"border-width:2px;background-color:#783b20;font-size:15px\">Sprint<\/a><\/div>\n\n\n\n<div class=\"wp-block-button has-custom-width wp-block-button__width-50\"><a class=\"wp-block-button__link has-white-color has-text-color has-background has-link-color has-border-color has-white-border-color has-custom-font-size wp-element-button\" href=\"https:\/\/navaleno-o.es\/wp-content\/uploads\/2025\/08\/2025TrofeoPinares_SalidaLARGA.pdf\" style=\"border-width:2px;background-color:#6d2078;font-size:15px\">Larga<\/a><\/div>\n\n\n\n<div class=\"wp-block-button has-custom-width wp-block-button__width-50 is-style-fill\"><a class=\"wp-block-button__link has-white-color has-text-color has-background has-link-color has-border-color has-white-border-color has-custom-font-size wp-element-button\" href=\"https:\/\/navaleno-o.es\/wp-content\/uploads\/2025\/08\/2025TrofeoPinares_InscritosOPEN.pdf\" style=\"border-width:2px;background-color:#118b96;font-size:15px\">Open<\/a><\/div>\n\n\n\n<div class=\"wp-block-button has-custom-width wp-block-button__width-50 is-style-outline is-style-outline--1\"><a class=\"wp-block-button__link has-white-color has-text-color has-background has-link-color has-border-color has-white-border-color has-custom-font-size wp-element-button\" href=\"https:\/\/navaleno-o.es\/wp-content\/uploads\/2025\/08\/2025TrofeoPinares_SalidaMEDIA.pdf\" style=\"border-width:2px;background-color:#312078;font-size:15px\">Media<\/a><\/div>\n<\/div>\n\n\n\n<hr class=\"wp-block-separator has-text-color has-alpha-channel-opacity has-background is-style-wide\" style=\"background-color:#4e7820;color:#4e7820\"\/>\n\n\n\n<p><\/p>\n\n\n\n<h2 class=\"wp-block-heading alignfull has-text-align-center has-white-color has-text-color has-background has-link-color has-large-font-size wp-elements-77f074bfa6b995cbcb9a072515b8eb67\" style=\"background-color:#4e7820\">Resultados<\/h2>\n\n\n\n<hr class=\"wp-block-separator has-text-color has-white-color has-alpha-channel-opacity has-white-background-color has-background\"\/>\n\n\n\n<div class=\"wp-block-buttons is-layout-flex wp-block-buttons-is-layout-flex\">\n<div class=\"wp-block-button has-custom-width wp-block-button__width-100\"><a class=\"wp-block-button__link has-white-color has-text-color has-background has-link-color wp-element-button\" href=\"https:\/\/navaleno-o.es\/wp-content\/uploads\/2025\/08\/06-LEOP-2025-Resultados-Globales.pdf\" style=\"background-color:#786220\">Resultados Totales<\/a><\/div>\n\n\n\n<div class=\"wp-block-button has-custom-width wp-block-button__width-50\"><a class=\"wp-block-button__link has-white-color has-text-color has-background has-link-color wp-element-button\" href=\"https:\/\/www.oreplay.es\/competitions\/2acc6c48-6121-4736-831f-4ca97045015b\/a0d5ebbf-cda0-4bb3-a6b0-21351a0ce1a8?menu=results\" style=\"background-color:#783b20\">Sprint<\/a><\/div>\n\n\n\n<div class=\"wp-block-button has-custom-width wp-block-button__width-50\"><a class=\"wp-block-button__link has-white-color has-text-color has-background has-link-color wp-element-button\" href=\"https:\/\/www.oreplay.es\/competitions\/2acc6c48-6121-4736-831f-4ca97045015b\/5a9b7356-f7c0-4eb6-aecc-190e8fbe55eb?menu=results\" style=\"background-color:#6d2078\">Larga<\/a><\/div>\n\n\n\n<div class=\"wp-block-button has-custom-width wp-block-button__width-50\"><a class=\"wp-block-button__link has-white-color has-text-color has-background has-link-color wp-element-button\" style=\"background-color:#118b96\">Open<\/a><\/div>\n\n\n\n<div class=\"wp-block-button has-custom-width wp-block-button__width-50\"><a class=\"wp-block-button__link has-white-color has-text-color has-background has-link-color wp-element-button\" href=\"https:\/\/www.oreplay.es\/competitions\/2acc6c48-6121-4736-831f-4ca97045015b\/617d081c-61ff-4270-896b-654ee9c26481?menu=results\" style=\"background-color:#312078\">Media<\/a><\/div>\n<\/div>\n\n\n\n<hr class=\"wp-block-separator alignwide has-text-color has-alpha-channel-opacity has-background is-style-wide\" style=\"background-color:#6f914a;color:#6f914a\"\/>\n\n\n\n<p><\/p>\n\n\n\n<h2 class=\"wp-block-heading alignfull has-text-align-center has-white-color has-text-color has-background has-link-color has-large-font-size wp-elements-21b01dd14553f73dc7f1cda0b1606a18\" style=\"background-color:#4e7820\"><a href=\"https:\/\/navaleno-o.es\/wp-content\/uploads\/2025\/08\/BOLETIN-3-VINUESA-FINAL.pdf\">Bolet\u00edn 3 (final)<\/a><\/h2>\n\n\n\n<figure class=\"wp-block-image size-large\"><a href=\"https:\/\/navaleno-o.es\/wp-content\/uploads\/2025\/08\/BOLETIN-3-VINUESA-FINAL.pdf\"><img loading=\"lazy\" decoding=\"async\" width=\"722\" height=\"1024\" src=\"https:\/\/navaleno-o.es\/wp-content\/uploads\/2025\/07\/cartel_liga_o-pie_2025-722x1024.jpg\" alt=\"Cartel de la Liga O-Pie Espa\u00f1ola, agosto 2025, organizada por el Club de Orientaci\u00f3n de Navaleno. Entrenamientos 26-27-28 agosto, Trofeo Vinuesa 30-31 agosto. Orientaci\u00f3n en Soria. Colaboradores. Enlace al \u00faltimo Bolet\u00edn disponible.\" class=\"wp-image-19\" srcset=\"https:\/\/navaleno-o.es\/wp-content\/uploads\/2025\/07\/cartel_liga_o-pie_2025-722x1024.jpg 722w, https:\/\/navaleno-o.es\/wp-content\/uploads\/2025\/07\/cartel_liga_o-pie_2025-212x300.jpg 212w, https:\/\/navaleno-o.es\/wp-content\/uploads\/2025\/07\/cartel_liga_o-pie_2025-768x1089.jpg 768w, https:\/\/navaleno-o.es\/wp-content\/uploads\/2025\/07\/cartel_liga_o-pie_2025.jpg 842w\" sizes=\"auto, (max-width: 722px) 100vw, 722px\" \/><\/a><\/figure>\n\n\n\n<p>Haz clic en la imagen de arriba para abrir el \u00faltimo Bolet\u00edn disponible, con informaci\u00f3n del Club de Orientaci\u00f3n de Navaleno sobre la carrera Liga Espa\u00f1ola O-Pie (Vinuesa, agosto 2025).<\/p>\n\n\n\n<hr class=\"wp-block-separator has-text-color has-alpha-channel-opacity has-background is-style-wide\" style=\"background-color:#4e7820;color:#4e7820\"\/>\n\n\n\n<p><\/p>\n","protected":false},"excerpt":{"rendered":"<p>Esta p\u00e1gina conserva la informaci\u00f3n oficial de la Liga O-Pie 2025, organizada por el Club de Orientaci\u00f3n de Navaleno. Puedes<\/p>\n","protected":false},"author":1,"featured_media":0,"parent":71,"menu_order":0,"comment_status":"closed","ping_status":"closed","template":"","meta":{"colormag_page_layout":"default_layout","footnotes":""},"class_list":["post-919","page","type-page","status-publish","hentry"],"_links":{"self":[{"href":"https:\/\/navaleno-o.es\/index.php\/wp-json\/wp\/v2\/pages\/919","targetHints":{"allow":["GET"]}}],"collection":[{"href":"https:\/\/navaleno-o.es\/index.php\/wp-json\/wp\/v2\/pages"}],"about":[{"href":"https:\/\/navaleno-o.es\/index.php\/wp-json\/wp\/v2\/types\/page"}],"author":[{"embeddable":true,"href":"https:\/\/navaleno-o.es\/index.php\/wp-json\/wp\/v2\/users\/1"}],"replies":[{"embeddable":true,"href":"https:\/\/navaleno-o.es\/index.php\/wp-json\/wp\/v2\/comments?post=919"}],"version-history":[{"count":7,"href":"https:\/\/navaleno-o.es\/index.php\/wp-json\/wp\/v2\/pages\/919\/revisions"}],"predecessor-version":[{"id":937,"href":"https:\/\/navaleno-o.es\/index.php\/wp-json\/wp\/v2\/pages\/919\/revisions\/937"}],"up":[{"embeddable":true,"href":"https:\/\/navaleno-o.es\/index.php\/wp-json\/wp\/v2\/pages\/71"}],"wp:attachment":[{"href":"https:\/\/navaleno-o.es\/index.php\/wp-json\/wp\/v2\/media?parent=919"}],"curies":[{"name":"wp","href":"https:\/\/api.w.org\/{rel}","templated":true}]}}